{"id":471,"date":"2016-05-17T17:14:56","date_gmt":"2016-05-17T20:14:56","guid":{"rendered":"https:\/\/investigacaoemdermatologia.com.br\/new\/?page_id=471"},"modified":"2016-09-27T13:40:59","modified_gmt":"2016-09-27T16:40:59","slug":"agilidade-na-entrega","status":"publish","type":"page","link":"https:\/\/investigacaoemdermatologia.com.br\/?page_id=471","title":{"rendered":"Precis\u00e3o e agilidade"},"content":{"rendered":"<p><img loading=\"lazy\" decoding=\"async\" class=\"aligncenter size-full wp-image-475\" src=\"https:\/\/investigacaoemdermatologia.com.br\/new\/wp-content\/uploads\/2016\/05\/banner-exames.jpg\" alt=\"banner-exames\" width=\"960\" height=\"320\" srcset=\"https:\/\/investigacaoemdermatologia.com.br\/wp-content\/uploads\/2016\/05\/banner-exames.jpg 960w, https:\/\/investigacaoemdermatologia.com.br\/wp-content\/uploads\/2016\/05\/banner-exames-300x100.jpg 300w, https:\/\/investigacaoemdermatologia.com.br\/wp-content\/uploads\/2016\/05\/banner-exames-768x256.jpg 768w\" sizes=\"auto, (max-width: 960px) 100vw, 960px\" \/><\/p>\n<p>A <strong>ID &#8211; Investiga\u00e7\u00e3o em Dermatologia<\/strong>\u00a0tem um processo bem definido e \u00e1gil de retirada, an\u00e1lise e entrega dos resultados de seus exames. Tudo monitorado pela nossa equipe de especialistas, que cuida para que nossos clientes sejam atendidos com efici\u00eancia e precis\u00e3o. Confira como funciona:<\/p>\n<div class=\"su-table su-table-alternate\">\n<table>\n<tbody>\n<tr>\n<td><strong><span style=\"color: #ad2941;font-size: 30pt\">1<\/span><\/strong><\/td>\n<td valign=\"middle\"><span style=\"line-height: 25px\">Nossa equipe de mensageiros busca os materiais nos consult\u00f3rios e faz o transporte com seguran\u00e7a;<\/span><\/td>\n<\/tr>\n<tr>\n<td><strong><span style=\"color: #ad2941;font-size: 30pt\">2<\/span><\/strong><\/td>\n<td valign=\"middle\">Os frascos a serem recolhidos devem estar acompanhados da requisi\u00e7\u00e3o preenchida com os dados de identifica\u00e7\u00e3o do paciente e informa\u00e7\u00f5es cl\u00ednicas pertinentes e da guia do conv\u00eanio assinada ou pagamento;<\/td>\n<\/tr>\n<tr>\n<td><strong><span style=\"color: #ad2941;font-size: 30pt\">3<\/span><\/strong><\/td>\n<td valign=\"middle\">O\u00a0mensageiro registra a retirada de cada frasco em um protocolo assinado pelo atendente;<\/td>\n<\/tr>\n<tr>\n<td><strong><span style=\"color: #ad2941;font-size: 30pt\">4<\/span><\/strong><\/td>\n<td valign=\"middle\">Ao chegar no laborat\u00f3rio, o mensageiro transfere o material recolhido para o setor de registro. O exame recebe o n\u00famero definitivo e \u00e9 encaminhado ao laborat\u00f3rio para processamento histol\u00f3gico;<\/td>\n<\/tr>\n<tr>\n<td><strong><span style=\"color: #ad2941;font-size: 30pt\">5<\/span><\/strong><\/td>\n<td valign=\"middle\">Ap\u00f3s a confec\u00e7\u00e3o das l\u00e2minas, o laudo \u00e9 dado por um dos nossos dermatopatologistas, digitado e embalado para entrega;<\/td>\n<\/tr>\n<tr>\n<td><strong><span style=\"color: #ad2941;font-size: 30pt\">6<\/span><\/strong><\/td>\n<td valign=\"middle\">No mesmo dia da semana seguinte \u00e0 retirada, o laudo \u00e9 entregue em m\u00e3os na cl\u00ednica de origem, sendo preenchido o protocolo de entrega.\u00a0<strong>Mais de 95% de todos os casos recebidos pelo laborat\u00f3rio s\u00e3o liberados em no m\u00e1ximo 5 dias \u00fateis.*<\/strong><\/td>\n<\/tr>\n<\/tbody>\n<\/table>\n<\/div>\n<p><em>*Casos excepcionais ou que dependam de procedimentos adicionais (cortes seriados ou colora\u00e7\u00f5es especiais) podem levar mais tempo.<\/em><\/p>\n","protected":false},"excerpt":{"rendered":"<p>A ID &#8211; Investiga\u00e7\u00e3o em Dermatologia\u00a0tem um processo bem definido e \u00e1gil de retirada, an\u00e1lise e entrega dos resultados de seus exames. Tudo monitorado pela nossa equipe de especialistas, que cuida para que nossos clientes sejam atendidos com efici\u00eancia e precis\u00e3o. Confira como funciona: *Casos excepcionais ou que dependam de procedimentos adicionais (cortes seriados ou &hellip; <a href=\"https:\/\/investigacaoemdermatologia.com.br\/?page_id=471\" class=\"more-link\">Continue lendo <i class=\"fa fa-arrow-circle-o-right\"><\/i><\/a><\/p>\n","protected":false},"author":5,"featured_media":0,"parent":0,"menu_order":0,"comment_status":"closed","ping_status":"closed","template":"","meta":{"footnotes":""},"class_list":["post-471","page","type-page","status-publish","hentry"],"yoast_head":"<!-- This site is optimized with the Yoast SEO plugin v27.6 - https:\/\/yoast.com\/product\/yoast-seo-wordpress\/ -->\n<title>Precis\u00e3o e agilidade - Investiga\u00e7\u00e3o em Dermatologia<\/title>\n<meta name=\"robots\" content=\"index, follow, max-snippet:-1, max-image-preview:large, max-video-preview:-1\" \/>\n<link rel=\"canonical\" href=\"https:\/\/investigacaoemdermatologia.com.br\/?page_id=471\" \/>\n<meta name=\"twitter:label1\" content=\"Est. tempo de leitura\" \/>\n\t<meta name=\"twitter:data1\" content=\"1 minuto\" \/>\n<script type=\"application\/ld+json\" class=\"yoast-schema-graph\">{\"@context\":\"https:\\\/\\\/schema.org\",\"@graph\":[{\"@type\":\"WebPage\",\"@id\":\"https:\\\/\\\/investigacaoemdermatologia.com.br\\\/?page_id=471\",\"url\":\"https:\\\/\\\/investigacaoemdermatologia.com.br\\\/?page_id=471\",\"name\":\"Precis\u00e3o e agilidade - Investiga\u00e7\u00e3o em Dermatologia\",\"isPartOf\":{\"@id\":\"https:\\\/\\\/investigacaoemdermatologia.com.br\\\/#website\"},\"primaryImageOfPage\":{\"@id\":\"https:\\\/\\\/investigacaoemdermatologia.com.br\\\/?page_id=471#primaryimage\"},\"image\":{\"@id\":\"https:\\\/\\\/investigacaoemdermatologia.com.br\\\/?page_id=471#primaryimage\"},\"thumbnailUrl\":\"https:\\\/\\\/investigacaoemdermatologia.com.br\\\/new\\\/wp-content\\\/uploads\\\/2016\\\/05\\\/banner-exames.jpg\",\"datePublished\":\"2016-05-17T20:14:56+00:00\",\"dateModified\":\"2016-09-27T16:40:59+00:00\",\"breadcrumb\":{\"@id\":\"https:\\\/\\\/investigacaoemdermatologia.com.br\\\/?page_id=471#breadcrumb\"},\"inLanguage\":\"pt-BR\",\"potentialAction\":[{\"@type\":\"ReadAction\",\"target\":[\"https:\\\/\\\/investigacaoemdermatologia.com.br\\\/?page_id=471\"]}]},{\"@type\":\"ImageObject\",\"inLanguage\":\"pt-BR\",\"@id\":\"https:\\\/\\\/investigacaoemdermatologia.com.br\\\/?page_id=471#primaryimage\",\"url\":\"https:\\\/\\\/investigacaoemdermatologia.com.br\\\/new\\\/wp-content\\\/uploads\\\/2016\\\/05\\\/banner-exames.jpg\",\"contentUrl\":\"https:\\\/\\\/investigacaoemdermatologia.com.br\\\/new\\\/wp-content\\\/uploads\\\/2016\\\/05\\\/banner-exames.jpg\"},{\"@type\":\"BreadcrumbList\",\"@id\":\"https:\\\/\\\/investigacaoemdermatologia.com.br\\\/?page_id=471#breadcrumb\",\"itemListElement\":[{\"@type\":\"ListItem\",\"position\":1,\"name\":\"In\u00edcio\",\"item\":\"https:\\\/\\\/investigacaoemdermatologia.com.br\\\/\"},{\"@type\":\"ListItem\",\"position\":2,\"name\":\"Precis\u00e3o e agilidade\"}]},{\"@type\":\"WebSite\",\"@id\":\"https:\\\/\\\/investigacaoemdermatologia.com.br\\\/#website\",\"url\":\"https:\\\/\\\/investigacaoemdermatologia.com.br\\\/\",\"name\":\"Investiga\u00e7\u00e3o em Dermatologia\",\"description\":\"\",\"potentialAction\":[{\"@type\":\"SearchAction\",\"target\":{\"@type\":\"EntryPoint\",\"urlTemplate\":\"https:\\\/\\\/investigacaoemdermatologia.com.br\\\/?s={search_term_string}\"},\"query-input\":{\"@type\":\"PropertyValueSpecification\",\"valueRequired\":true,\"valueName\":\"search_term_string\"}}],\"inLanguage\":\"pt-BR\"}]}<\/script>\n<!-- \/ Yoast SEO plugin. -->","yoast_head_json":{"title":"Precis\u00e3o e agilidade - Investiga\u00e7\u00e3o em Dermatologia","robots":{"index":"index","follow":"follow","max-snippet":"max-snippet:-1","max-image-preview":"max-image-preview:large","max-video-preview":"max-video-preview:-1"},"canonical":"https:\/\/investigacaoemdermatologia.com.br\/?page_id=471","twitter_misc":{"Est. tempo de leitura":"1 minuto"},"schema":{"@context":"https:\/\/schema.org","@graph":[{"@type":"WebPage","@id":"https:\/\/investigacaoemdermatologia.com.br\/?page_id=471","url":"https:\/\/investigacaoemdermatologia.com.br\/?page_id=471","name":"Precis\u00e3o e agilidade - Investiga\u00e7\u00e3o em Dermatologia","isPartOf":{"@id":"https:\/\/investigacaoemdermatologia.com.br\/#website"},"primaryImageOfPage":{"@id":"https:\/\/investigacaoemdermatologia.com.br\/?page_id=471#primaryimage"},"image":{"@id":"https:\/\/investigacaoemdermatologia.com.br\/?page_id=471#primaryimage"},"thumbnailUrl":"https:\/\/investigacaoemdermatologia.com.br\/new\/wp-content\/uploads\/2016\/05\/banner-exames.jpg","datePublished":"2016-05-17T20:14:56+00:00","dateModified":"2016-09-27T16:40:59+00:00","breadcrumb":{"@id":"https:\/\/investigacaoemdermatologia.com.br\/?page_id=471#breadcrumb"},"inLanguage":"pt-BR","potentialAction":[{"@type":"ReadAction","target":["https:\/\/investigacaoemdermatologia.com.br\/?page_id=471"]}]},{"@type":"ImageObject","inLanguage":"pt-BR","@id":"https:\/\/investigacaoemdermatologia.com.br\/?page_id=471#primaryimage","url":"https:\/\/investigacaoemdermatologia.com.br\/new\/wp-content\/uploads\/2016\/05\/banner-exames.jpg","contentUrl":"https:\/\/investigacaoemdermatologia.com.br\/new\/wp-content\/uploads\/2016\/05\/banner-exames.jpg"},{"@type":"BreadcrumbList","@id":"https:\/\/investigacaoemdermatologia.com.br\/?page_id=471#breadcrumb","itemListElement":[{"@type":"ListItem","position":1,"name":"In\u00edcio","item":"https:\/\/investigacaoemdermatologia.com.br\/"},{"@type":"ListItem","position":2,"name":"Precis\u00e3o e agilidade"}]},{"@type":"WebSite","@id":"https:\/\/investigacaoemdermatologia.com.br\/#website","url":"https:\/\/investigacaoemdermatologia.com.br\/","name":"Investiga\u00e7\u00e3o em Dermatologia","description":"","potentialAction":[{"@type":"SearchAction","target":{"@type":"EntryPoint","urlTemplate":"https:\/\/investigacaoemdermatologia.com.br\/?s={search_term_string}"},"query-input":{"@type":"PropertyValueSpecification","valueRequired":true,"valueName":"search_term_string"}}],"inLanguage":"pt-BR"}]}},"_links":{"self":[{"href":"https:\/\/investigacaoemdermatologia.com.br\/index.php?rest_route=\/wp\/v2\/pages\/471","targetHints":{"allow":["GET"]}}],"collection":[{"href":"https:\/\/investigacaoemdermatologia.com.br\/index.php?rest_route=\/wp\/v2\/pages"}],"about":[{"href":"https:\/\/investigacaoemdermatologia.com.br\/index.php?rest_route=\/wp\/v2\/types\/page"}],"author":[{"embeddable":true,"href":"https:\/\/investigacaoemdermatologia.com.br\/index.php?rest_route=\/wp\/v2\/users\/5"}],"replies":[{"embeddable":true,"href":"https:\/\/investigacaoemdermatologia.com.br\/index.php?rest_route=%2Fwp%2Fv2%2Fcomments&post=471"}],"version-history":[{"count":8,"href":"https:\/\/investigacaoemdermatologia.com.br\/index.php?rest_route=\/wp\/v2\/pages\/471\/revisions"}],"predecessor-version":[{"id":481,"href":"https:\/\/investigacaoemdermatologia.com.br\/index.php?rest_route=\/wp\/v2\/pages\/471\/revisions\/481"}],"wp:attachment":[{"href":"https:\/\/investigacaoemdermatologia.com.br\/index.php?rest_route=%2Fwp%2Fv2%2Fmedia&parent=471"}],"curies":[{"name":"wp","href":"https:\/\/api.w.org\/{rel}","templated":true}]}}