{"id":21,"date":"2015-11-27T19:00:05","date_gmt":"2015-11-27T22:00:05","guid":{"rendered":"http:\/\/clientes.visanacomunicacao.com.br\/investigacao\/?page_id=21"},"modified":"2023-08-10T23:19:54","modified_gmt":"2023-08-11T02:19:54","slug":"instalacoes","status":"publish","type":"page","link":"https:\/\/investigacaoemdermatologia.com.br\/?page_id=21","title":{"rendered":"Instala\u00e7\u00f5es"},"content":{"rendered":"<p>A ID \u2013 Investiga\u00e7\u00e3o em Dermatologia est\u00e1 sediada na Rua General Roca 778\/ 1005. A empresa disp\u00f5es de 240 m2 de \u00e1rea \u00fatil em um edif\u00edcio de f\u00e1cil acesso, distando 10 metros da esta\u00e7\u00e3o Saens Pe\u00f1a da linha 1 do metr\u00f4 (sa\u00edda General Roca) e sendo servido por grande fluxo de taxis e vasto n\u00famero de linhas de \u00f4nibus procedentes de todas as partes da cidade. Para estacionamento de ve\u00edculos, a melhor op\u00e7\u00e3o \u00e9 o Shopping Tijuca, de onde se chega em cerca de cinco minutos a p\u00e9.<\/p>\n<h3>Galeria de fotos<\/h3>\n<div id='gallery-1' class='gallery galleryid-21 gallery-columns-5 gallery-size-full'><figure class='gallery-item'>\n\t\t\t<div class='gallery-icon landscape'>\n\t\t\t\t<img loading=\"lazy\" decoding=\"async\" width=\"1288\" height=\"1080\" src=\"https:\/\/investigacaoemdermatologia.com.br\/wp-content\/uploads\/2015\/11\/ID_SiteNovo_1892r.jpg\" class=\"attachment-full size-full\" alt=\"\" srcset=\"https:\/\/investigacaoemdermatologia.com.br\/wp-content\/uploads\/2015\/11\/ID_SiteNovo_1892r.jpg 1288w, https:\/\/investigacaoemdermatologia.com.br\/wp-content\/uploads\/2015\/11\/ID_SiteNovo_1892r-300x252.jpg 300w, https:\/\/investigacaoemdermatologia.com.br\/wp-content\/uploads\/2015\/11\/ID_SiteNovo_1892r-768x644.jpg 768w, https:\/\/investigacaoemdermatologia.com.br\/wp-content\/uploads\/2015\/11\/ID_SiteNovo_1892r-1024x859.jpg 1024w\" sizes=\"auto, (max-width: 1288px) 100vw, 1288px\" \/>\n\t\t\t<\/div><\/figure><figure class='gallery-item'>\n\t\t\t<div class='gallery-icon portrait'>\n\t\t\t\t<img loading=\"lazy\" decoding=\"async\" width=\"720\" height=\"1080\" src=\"https:\/\/investigacaoemdermatologia.com.br\/wp-content\/uploads\/2015\/11\/ID_SiteNovo_1936.jpg\" class=\"attachment-full size-full\" alt=\"\" srcset=\"https:\/\/investigacaoemdermatologia.com.br\/wp-content\/uploads\/2015\/11\/ID_SiteNovo_1936.jpg 720w, https:\/\/investigacaoemdermatologia.com.br\/wp-content\/uploads\/2015\/11\/ID_SiteNovo_1936-200x300.jpg 200w, https:\/\/investigacaoemdermatologia.com.br\/wp-content\/uploads\/2015\/11\/ID_SiteNovo_1936-683x1024.jpg 683w\" sizes=\"auto, (max-width: 720px) 100vw, 720px\" \/>\n\t\t\t<\/div><\/figure><figure class='gallery-item'>\n\t\t\t<div class='gallery-icon landscape'>\n\t\t\t\t<img loading=\"lazy\" decoding=\"async\" width=\"1489\" height=\"1080\" src=\"https:\/\/investigacaoemdermatologia.com.br\/wp-content\/uploads\/2015\/11\/ID_SiteNovo_5838.jpg\" class=\"attachment-full size-full\" alt=\"\" srcset=\"https:\/\/investigacaoemdermatologia.com.br\/wp-content\/uploads\/2015\/11\/ID_SiteNovo_5838.jpg 1489w, https:\/\/investigacaoemdermatologia.com.br\/wp-content\/uploads\/2015\/11\/ID_SiteNovo_5838-300x218.jpg 300w, https:\/\/investigacaoemdermatologia.com.br\/wp-content\/uploads\/2015\/11\/ID_SiteNovo_5838-768x557.jpg 768w, https:\/\/investigacaoemdermatologia.com.br\/wp-content\/uploads\/2015\/11\/ID_SiteNovo_5838-1024x743.jpg 1024w\" sizes=\"auto, (max-width: 1489px) 100vw, 1489px\" \/>\n\t\t\t<\/div><\/figure><figure class='gallery-item'>\n\t\t\t<div class='gallery-icon landscape'>\n\t\t\t\t<img loading=\"lazy\" decoding=\"async\" width=\"1362\" height=\"1080\" src=\"https:\/\/investigacaoemdermatologia.com.br\/wp-content\/uploads\/2015\/11\/ID_SiteNovo_5903.jpg\" class=\"attachment-full size-full\" alt=\"\" srcset=\"https:\/\/investigacaoemdermatologia.com.br\/wp-content\/uploads\/2015\/11\/ID_SiteNovo_5903.jpg 1362w, https:\/\/investigacaoemdermatologia.com.br\/wp-content\/uploads\/2015\/11\/ID_SiteNovo_5903-300x238.jpg 300w, https:\/\/investigacaoemdermatologia.com.br\/wp-content\/uploads\/2015\/11\/ID_SiteNovo_5903-768x609.jpg 768w, https:\/\/investigacaoemdermatologia.com.br\/wp-content\/uploads\/2015\/11\/ID_SiteNovo_5903-1024x812.jpg 1024w\" sizes=\"auto, (max-width: 1362px) 100vw, 1362px\" \/>\n\t\t\t<\/div><\/figure><figure class='gallery-item'>\n\t\t\t<div class='gallery-icon landscape'>\n\t\t\t\t<img loading=\"lazy\" decoding=\"async\" width=\"1366\" height=\"1080\" src=\"https:\/\/investigacaoemdermatologia.com.br\/wp-content\/uploads\/2015\/11\/ID_SiteNovo_5873rr.jpg\" class=\"attachment-full size-full\" alt=\"\" srcset=\"https:\/\/investigacaoemdermatologia.com.br\/wp-content\/uploads\/2015\/11\/ID_SiteNovo_5873rr.jpg 1366w, https:\/\/investigacaoemdermatologia.com.br\/wp-content\/uploads\/2015\/11\/ID_SiteNovo_5873rr-300x237.jpg 300w, https:\/\/investigacaoemdermatologia.com.br\/wp-content\/uploads\/2015\/11\/ID_SiteNovo_5873rr-768x607.jpg 768w, https:\/\/investigacaoemdermatologia.com.br\/wp-content\/uploads\/2015\/11\/ID_SiteNovo_5873rr-1024x810.jpg 1024w\" sizes=\"auto, (max-width: 1366px) 100vw, 1366px\" \/>\n\t\t\t<\/div><\/figure><figure class='gallery-item'>\n\t\t\t<div class='gallery-icon landscape'>\n\t\t\t\t<img loading=\"lazy\" decoding=\"async\" width=\"1560\" height=\"1080\" src=\"https:\/\/investigacaoemdermatologia.com.br\/wp-content\/uploads\/2015\/11\/ID_SiteNovo_2169e.jpg\" class=\"attachment-full size-full\" alt=\"\" srcset=\"https:\/\/investigacaoemdermatologia.com.br\/wp-content\/uploads\/2015\/11\/ID_SiteNovo_2169e.jpg 1560w, https:\/\/investigacaoemdermatologia.com.br\/wp-content\/uploads\/2015\/11\/ID_SiteNovo_2169e-300x208.jpg 300w, https:\/\/investigacaoemdermatologia.com.br\/wp-content\/uploads\/2015\/11\/ID_SiteNovo_2169e-768x532.jpg 768w, https:\/\/investigacaoemdermatologia.com.br\/wp-content\/uploads\/2015\/11\/ID_SiteNovo_2169e-1024x709.jpg 1024w\" sizes=\"auto, (max-width: 1560px) 100vw, 1560px\" \/>\n\t\t\t<\/div><\/figure><figure class='gallery-item'>\n\t\t\t<div class='gallery-icon landscape'>\n\t\t\t\t<img loading=\"lazy\" decoding=\"async\" width=\"1747\" height=\"1080\" src=\"https:\/\/investigacaoemdermatologia.com.br\/wp-content\/uploads\/2015\/11\/IS_SiteNovo_6183r.jpg\" class=\"attachment-full size-full\" alt=\"\" srcset=\"https:\/\/investigacaoemdermatologia.com.br\/wp-content\/uploads\/2015\/11\/IS_SiteNovo_6183r.jpg 1747w, https:\/\/investigacaoemdermatologia.com.br\/wp-content\/uploads\/2015\/11\/IS_SiteNovo_6183r-300x185.jpg 300w, https:\/\/investigacaoemdermatologia.com.br\/wp-content\/uploads\/2015\/11\/IS_SiteNovo_6183r-768x475.jpg 768w, https:\/\/investigacaoemdermatologia.com.br\/wp-content\/uploads\/2015\/11\/IS_SiteNovo_6183r-1024x633.jpg 1024w\" sizes=\"auto, (max-width: 1747px) 100vw, 1747px\" \/>\n\t\t\t<\/div><\/figure><figure class='gallery-item'>\n\t\t\t<div class='gallery-icon landscape'>\n\t\t\t\t<img loading=\"lazy\" decoding=\"async\" width=\"1531\" height=\"1080\" src=\"https:\/\/investigacaoemdermatologia.com.br\/wp-content\/uploads\/2015\/11\/ID_SiteNovo_6187rr.jpg\" class=\"attachment-full size-full\" alt=\"\" srcset=\"https:\/\/investigacaoemdermatologia.com.br\/wp-content\/uploads\/2015\/11\/ID_SiteNovo_6187rr.jpg 1531w, https:\/\/investigacaoemdermatologia.com.br\/wp-content\/uploads\/2015\/11\/ID_SiteNovo_6187rr-300x212.jpg 300w, https:\/\/investigacaoemdermatologia.com.br\/wp-content\/uploads\/2015\/11\/ID_SiteNovo_6187rr-768x542.jpg 768w, https:\/\/investigacaoemdermatologia.com.br\/wp-content\/uploads\/2015\/11\/ID_SiteNovo_6187rr-1024x722.jpg 1024w\" sizes=\"auto, (max-width: 1531px) 100vw, 1531px\" \/>\n\t\t\t<\/div><\/figure><figure class='gallery-item'>\n\t\t\t<div class='gallery-icon landscape'>\n\t\t\t\t<img loading=\"lazy\" decoding=\"async\" width=\"1620\" height=\"1080\" src=\"https:\/\/investigacaoemdermatologia.com.br\/wp-content\/uploads\/2015\/11\/ID_SiteNovo_6230.jpg\" class=\"attachment-full size-full\" alt=\"\" srcset=\"https:\/\/investigacaoemdermatologia.com.br\/wp-content\/uploads\/2015\/11\/ID_SiteNovo_6230.jpg 1620w, https:\/\/investigacaoemdermatologia.com.br\/wp-content\/uploads\/2015\/11\/ID_SiteNovo_6230-300x200.jpg 300w, https:\/\/investigacaoemdermatologia.com.br\/wp-content\/uploads\/2015\/11\/ID_SiteNovo_6230-768x512.jpg 768w, https:\/\/investigacaoemdermatologia.com.br\/wp-content\/uploads\/2015\/11\/ID_SiteNovo_6230-1024x683.jpg 1024w\" sizes=\"auto, (max-width: 1620px) 100vw, 1620px\" \/>\n\t\t\t<\/div><\/figure><figure class='gallery-item'>\n\t\t\t<div class='gallery-icon landscape'>\n\t\t\t\t<img loading=\"lazy\" decoding=\"async\" width=\"1503\" height=\"1080\" src=\"https:\/\/investigacaoemdermatologia.com.br\/wp-content\/uploads\/2015\/11\/ID_SiteNovo_6069rr.jpg\" class=\"attachment-full size-full\" alt=\"\" srcset=\"https:\/\/investigacaoemdermatologia.com.br\/wp-content\/uploads\/2015\/11\/ID_SiteNovo_6069rr.jpg 1503w, https:\/\/investigacaoemdermatologia.com.br\/wp-content\/uploads\/2015\/11\/ID_SiteNovo_6069rr-300x216.jpg 300w, https:\/\/investigacaoemdermatologia.com.br\/wp-content\/uploads\/2015\/11\/ID_SiteNovo_6069rr-768x552.jpg 768w, https:\/\/investigacaoemdermatologia.com.br\/wp-content\/uploads\/2015\/11\/ID_SiteNovo_6069rr-1024x736.jpg 1024w\" sizes=\"auto, (max-width: 1503px) 100vw, 1503px\" \/>\n\t\t\t<\/div><\/figure><figure class='gallery-item'>\n\t\t\t<div class='gallery-icon landscape'>\n\t\t\t\t<img loading=\"lazy\" decoding=\"async\" width=\"1620\" height=\"1080\" src=\"https:\/\/investigacaoemdermatologia.com.br\/wp-content\/uploads\/2015\/11\/ID_SiteNovo_6080.jpg\" class=\"attachment-full size-full\" alt=\"\" srcset=\"https:\/\/investigacaoemdermatologia.com.br\/wp-content\/uploads\/2015\/11\/ID_SiteNovo_6080.jpg 1620w, https:\/\/investigacaoemdermatologia.com.br\/wp-content\/uploads\/2015\/11\/ID_SiteNovo_6080-300x200.jpg 300w, https:\/\/investigacaoemdermatologia.com.br\/wp-content\/uploads\/2015\/11\/ID_SiteNovo_6080-768x512.jpg 768w, https:\/\/investigacaoemdermatologia.com.br\/wp-content\/uploads\/2015\/11\/ID_SiteNovo_6080-1024x683.jpg 1024w\" sizes=\"auto, (max-width: 1620px) 100vw, 1620px\" \/>\n\t\t\t<\/div><\/figure><figure class='gallery-item'>\n\t\t\t<div class='gallery-icon landscape'>\n\t\t\t\t<img loading=\"lazy\" decoding=\"async\" width=\"1620\" height=\"1080\" src=\"https:\/\/investigacaoemdermatologia.com.br\/wp-content\/uploads\/2015\/11\/ID_SiteNovo_4369.jpg\" class=\"attachment-full size-full\" alt=\"\" srcset=\"https:\/\/investigacaoemdermatologia.com.br\/wp-content\/uploads\/2015\/11\/ID_SiteNovo_4369.jpg 1620w, https:\/\/investigacaoemdermatologia.com.br\/wp-content\/uploads\/2015\/11\/ID_SiteNovo_4369-300x200.jpg 300w, https:\/\/investigacaoemdermatologia.com.br\/wp-content\/uploads\/2015\/11\/ID_SiteNovo_4369-768x512.jpg 768w, https:\/\/investigacaoemdermatologia.com.br\/wp-content\/uploads\/2015\/11\/ID_SiteNovo_4369-1024x683.jpg 1024w\" sizes=\"auto, (max-width: 1620px) 100vw, 1620px\" \/>\n\t\t\t<\/div><\/figure><figure class='gallery-item'>\n\t\t\t<div class='gallery-icon portrait'>\n\t\t\t\t<img loading=\"lazy\" decoding=\"async\" width=\"720\" height=\"1080\" src=\"https:\/\/investigacaoemdermatologia.com.br\/wp-content\/uploads\/2015\/11\/ID_SiteNovo_6136.jpg\" class=\"attachment-full size-full\" alt=\"\" srcset=\"https:\/\/investigacaoemdermatologia.com.br\/wp-content\/uploads\/2015\/11\/ID_SiteNovo_6136.jpg 720w, https:\/\/investigacaoemdermatologia.com.br\/wp-content\/uploads\/2015\/11\/ID_SiteNovo_6136-200x300.jpg 200w, https:\/\/investigacaoemdermatologia.com.br\/wp-content\/uploads\/2015\/11\/ID_SiteNovo_6136-683x1024.jpg 683w\" sizes=\"auto, (max-width: 720px) 100vw, 720px\" \/>\n\t\t\t<\/div><\/figure><figure class='gallery-item'>\n\t\t\t<div class='gallery-icon portrait'>\n\t\t\t\t<img loading=\"lazy\" decoding=\"async\" width=\"720\" height=\"1080\" src=\"https:\/\/investigacaoemdermatologia.com.br\/wp-content\/uploads\/2015\/11\/ID_SiteNovo_6133.jpg\" class=\"attachment-full size-full\" alt=\"\" srcset=\"https:\/\/investigacaoemdermatologia.com.br\/wp-content\/uploads\/2015\/11\/ID_SiteNovo_6133.jpg 720w, https:\/\/investigacaoemdermatologia.com.br\/wp-content\/uploads\/2015\/11\/ID_SiteNovo_6133-200x300.jpg 200w, https:\/\/investigacaoemdermatologia.com.br\/wp-content\/uploads\/2015\/11\/ID_SiteNovo_6133-683x1024.jpg 683w\" sizes=\"auto, (max-width: 720px) 100vw, 720px\" \/>\n\t\t\t<\/div><\/figure><figure class='gallery-item'>\n\t\t\t<div class='gallery-icon landscape'>\n\t\t\t\t<img loading=\"lazy\" decoding=\"async\" width=\"1422\" height=\"1080\" src=\"https:\/\/investigacaoemdermatologia.com.br\/wp-content\/uploads\/2015\/11\/ID_SiteNovo_6073r.jpg\" class=\"attachment-full size-full\" alt=\"\" srcset=\"https:\/\/investigacaoemdermatologia.com.br\/wp-content\/uploads\/2015\/11\/ID_SiteNovo_6073r.jpg 1422w, https:\/\/investigacaoemdermatologia.com.br\/wp-content\/uploads\/2015\/11\/ID_SiteNovo_6073r-300x228.jpg 300w, https:\/\/investigacaoemdermatologia.com.br\/wp-content\/uploads\/2015\/11\/ID_SiteNovo_6073r-768x583.jpg 768w, https:\/\/investigacaoemdermatologia.com.br\/wp-content\/uploads\/2015\/11\/ID_SiteNovo_6073r-1024x778.jpg 1024w\" sizes=\"auto, (max-width: 1422px) 100vw, 1422px\" \/>\n\t\t\t<\/div><\/figure><figure class='gallery-item'>\n\t\t\t<div class='gallery-icon landscape'>\n\t\t\t\t<img loading=\"lazy\" decoding=\"async\" width=\"1620\" height=\"1080\" src=\"https:\/\/investigacaoemdermatologia.com.br\/wp-content\/uploads\/2015\/11\/ID_SiteNovo_6123.jpg\" class=\"attachment-full size-full\" alt=\"\" srcset=\"https:\/\/investigacaoemdermatologia.com.br\/wp-content\/uploads\/2015\/11\/ID_SiteNovo_6123.jpg 1620w, https:\/\/investigacaoemdermatologia.com.br\/wp-content\/uploads\/2015\/11\/ID_SiteNovo_6123-300x200.jpg 300w, https:\/\/investigacaoemdermatologia.com.br\/wp-content\/uploads\/2015\/11\/ID_SiteNovo_6123-768x512.jpg 768w, https:\/\/investigacaoemdermatologia.com.br\/wp-content\/uploads\/2015\/11\/ID_SiteNovo_6123-1024x683.jpg 1024w\" sizes=\"auto, (max-width: 1620px) 100vw, 1620px\" \/>\n\t\t\t<\/div><\/figure><figure class='gallery-item'>\n\t\t\t<div class='gallery-icon portrait'>\n\t\t\t\t<img loading=\"lazy\" decoding=\"async\" width=\"822\" height=\"1080\" src=\"https:\/\/investigacaoemdermatologia.com.br\/wp-content\/uploads\/2015\/11\/ID_SiteNovo_4506.jpg\" class=\"attachment-full size-full\" alt=\"\" srcset=\"https:\/\/investigacaoemdermatologia.com.br\/wp-content\/uploads\/2015\/11\/ID_SiteNovo_4506.jpg 822w, https:\/\/investigacaoemdermatologia.com.br\/wp-content\/uploads\/2015\/11\/ID_SiteNovo_4506-228x300.jpg 228w, https:\/\/investigacaoemdermatologia.com.br\/wp-content\/uploads\/2015\/11\/ID_SiteNovo_4506-768x1009.jpg 768w, https:\/\/investigacaoemdermatologia.com.br\/wp-content\/uploads\/2015\/11\/ID_SiteNovo_4506-779x1024.jpg 779w\" sizes=\"auto, (max-width: 822px) 100vw, 822px\" \/>\n\t\t\t<\/div><\/figure><figure class='gallery-item'>\n\t\t\t<div class='gallery-icon landscape'>\n\t\t\t\t<img loading=\"lazy\" decoding=\"async\" width=\"1620\" height=\"1080\" src=\"https:\/\/investigacaoemdermatologia.com.br\/wp-content\/uploads\/2015\/11\/ID_SIteNovo_6078.jpg\" class=\"attachment-full size-full\" alt=\"\" srcset=\"https:\/\/investigacaoemdermatologia.com.br\/wp-content\/uploads\/2015\/11\/ID_SIteNovo_6078.jpg 1620w, https:\/\/investigacaoemdermatologia.com.br\/wp-content\/uploads\/2015\/11\/ID_SIteNovo_6078-300x200.jpg 300w, https:\/\/investigacaoemdermatologia.com.br\/wp-content\/uploads\/2015\/11\/ID_SIteNovo_6078-768x512.jpg 768w, https:\/\/investigacaoemdermatologia.com.br\/wp-content\/uploads\/2015\/11\/ID_SIteNovo_6078-1024x683.jpg 1024w\" sizes=\"auto, (max-width: 1620px) 100vw, 1620px\" \/>\n\t\t\t<\/div><\/figure><figure class='gallery-item'>\n\t\t\t<div class='gallery-icon portrait'>\n\t\t\t\t<img loading=\"lazy\" decoding=\"async\" width=\"962\" height=\"1080\" src=\"https:\/\/investigacaoemdermatologia.com.br\/wp-content\/uploads\/2015\/11\/ID_SiteNovo_4522r.jpg\" class=\"attachment-full size-full\" alt=\"\" srcset=\"https:\/\/investigacaoemdermatologia.com.br\/wp-content\/uploads\/2015\/11\/ID_SiteNovo_4522r.jpg 962w, https:\/\/investigacaoemdermatologia.com.br\/wp-content\/uploads\/2015\/11\/ID_SiteNovo_4522r-267x300.jpg 267w, https:\/\/investigacaoemdermatologia.com.br\/wp-content\/uploads\/2015\/11\/ID_SiteNovo_4522r-768x862.jpg 768w, https:\/\/investigacaoemdermatologia.com.br\/wp-content\/uploads\/2015\/11\/ID_SiteNovo_4522r-912x1024.jpg 912w\" sizes=\"auto, (max-width: 962px) 100vw, 962px\" \/>\n\t\t\t<\/div><\/figure><figure class='gallery-item'>\n\t\t\t<div class='gallery-icon portrait'>\n\t\t\t\t<img loading=\"lazy\" decoding=\"async\" width=\"1035\" height=\"1080\" src=\"https:\/\/investigacaoemdermatologia.com.br\/wp-content\/uploads\/2015\/11\/ID_SiteNovo_4497r.jpg\" class=\"attachment-full size-full\" alt=\"\" srcset=\"https:\/\/investigacaoemdermatologia.com.br\/wp-content\/uploads\/2015\/11\/ID_SiteNovo_4497r.jpg 1035w, https:\/\/investigacaoemdermatologia.com.br\/wp-content\/uploads\/2015\/11\/ID_SiteNovo_4497r-288x300.jpg 288w, https:\/\/investigacaoemdermatologia.com.br\/wp-content\/uploads\/2015\/11\/ID_SiteNovo_4497r-768x801.jpg 768w, https:\/\/investigacaoemdermatologia.com.br\/wp-content\/uploads\/2015\/11\/ID_SiteNovo_4497r-981x1024.jpg 981w\" sizes=\"auto, (max-width: 1035px) 100vw, 1035px\" \/>\n\t\t\t<\/div><\/figure>\n\t\t<\/div>\n\n","protected":false},"excerpt":{"rendered":"<p>A ID \u2013 Investiga\u00e7\u00e3o em Dermatologia est\u00e1 sediada na Rua General Roca 778\/ 1005. A empresa disp\u00f5es de 240 m2 de \u00e1rea \u00fatil em um edif\u00edcio de f\u00e1cil acesso, distando 10 metros da esta\u00e7\u00e3o Saens Pe\u00f1a da linha 1 do metr\u00f4 (sa\u00edda General Roca) e sendo servido por grande fluxo de taxis e vasto n\u00famero &hellip; <a href=\"https:\/\/investigacaoemdermatologia.com.br\/?page_id=21\" class=\"more-link\">Continue lendo <i class=\"fa fa-arrow-circle-o-right\"><\/i><\/a><\/p>\n","protected":false},"author":5,"featured_media":0,"parent":0,"menu_order":0,"comment_status":"closed","ping_status":"closed","template":"","meta":{"footnotes":""},"class_list":["post-21","page","type-page","status-publish","hentry"],"yoast_head":"<!-- This site is optimized with the Yoast SEO plugin v27.5 - https:\/\/yoast.com\/product\/yoast-seo-wordpress\/ -->\n<title>Instala\u00e7\u00f5es - Investiga\u00e7\u00e3o em Dermatologia<\/title>\n<meta name=\"description\" content=\"A ID - Investiga\u00e7\u00e3o em Dermatologia conta com uma estrutura moderna e um ambiente plenamente preparado para realiza\u00e7\u00e3o de seus servi\u00e7os.\" \/>\n<meta name=\"robots\" content=\"index, follow, max-snippet:-1, max-image-preview:large, max-video-preview:-1\" \/>\n<link rel=\"canonical\" href=\"https:\/\/investigacaoemdermatologia.com.br\/?page_id=21\" \/>\n<meta name=\"twitter:label1\" content=\"Est. tempo de leitura\" \/>\n\t<meta name=\"twitter:data1\" content=\"1 minuto\" \/>\n<script type=\"application\/ld+json\" class=\"yoast-schema-graph\">{\"@context\":\"https:\\\/\\\/schema.org\",\"@graph\":[{\"@type\":\"WebPage\",\"@id\":\"https:\\\/\\\/investigacaoemdermatologia.com.br\\\/?page_id=21\",\"url\":\"https:\\\/\\\/investigacaoemdermatologia.com.br\\\/?page_id=21\",\"name\":\"Instala\u00e7\u00f5es - Investiga\u00e7\u00e3o em Dermatologia\",\"isPartOf\":{\"@id\":\"https:\\\/\\\/investigacaoemdermatologia.com.br\\\/#website\"},\"datePublished\":\"2015-11-27T22:00:05+00:00\",\"dateModified\":\"2023-08-11T02:19:54+00:00\",\"description\":\"A ID - Investiga\u00e7\u00e3o em Dermatologia conta com uma estrutura moderna e um ambiente plenamente preparado para realiza\u00e7\u00e3o de seus servi\u00e7os.\",\"breadcrumb\":{\"@id\":\"https:\\\/\\\/investigacaoemdermatologia.com.br\\\/?page_id=21#breadcrumb\"},\"inLanguage\":\"pt-BR\",\"potentialAction\":[{\"@type\":\"ReadAction\",\"target\":[\"https:\\\/\\\/investigacaoemdermatologia.com.br\\\/?page_id=21\"]}]},{\"@type\":\"BreadcrumbList\",\"@id\":\"https:\\\/\\\/investigacaoemdermatologia.com.br\\\/?page_id=21#breadcrumb\",\"itemListElement\":[{\"@type\":\"ListItem\",\"position\":1,\"name\":\"In\u00edcio\",\"item\":\"https:\\\/\\\/investigacaoemdermatologia.com.br\\\/\"},{\"@type\":\"ListItem\",\"position\":2,\"name\":\"Instala\u00e7\u00f5es\"}]},{\"@type\":\"WebSite\",\"@id\":\"https:\\\/\\\/investigacaoemdermatologia.com.br\\\/#website\",\"url\":\"https:\\\/\\\/investigacaoemdermatologia.com.br\\\/\",\"name\":\"Investiga\u00e7\u00e3o em Dermatologia\",\"description\":\"\",\"potentialAction\":[{\"@type\":\"SearchAction\",\"target\":{\"@type\":\"EntryPoint\",\"urlTemplate\":\"https:\\\/\\\/investigacaoemdermatologia.com.br\\\/?s={search_term_string}\"},\"query-input\":{\"@type\":\"PropertyValueSpecification\",\"valueRequired\":true,\"valueName\":\"search_term_string\"}}],\"inLanguage\":\"pt-BR\"}]}<\/script>\n<!-- \/ Yoast SEO plugin. -->","yoast_head_json":{"title":"Instala\u00e7\u00f5es - Investiga\u00e7\u00e3o em Dermatologia","description":"A ID - Investiga\u00e7\u00e3o em Dermatologia conta com uma estrutura moderna e um ambiente plenamente preparado para realiza\u00e7\u00e3o de seus servi\u00e7os.","robots":{"index":"index","follow":"follow","max-snippet":"max-snippet:-1","max-image-preview":"max-image-preview:large","max-video-preview":"max-video-preview:-1"},"canonical":"https:\/\/investigacaoemdermatologia.com.br\/?page_id=21","twitter_misc":{"Est. tempo de leitura":"1 minuto"},"schema":{"@context":"https:\/\/schema.org","@graph":[{"@type":"WebPage","@id":"https:\/\/investigacaoemdermatologia.com.br\/?page_id=21","url":"https:\/\/investigacaoemdermatologia.com.br\/?page_id=21","name":"Instala\u00e7\u00f5es - Investiga\u00e7\u00e3o em Dermatologia","isPartOf":{"@id":"https:\/\/investigacaoemdermatologia.com.br\/#website"},"datePublished":"2015-11-27T22:00:05+00:00","dateModified":"2023-08-11T02:19:54+00:00","description":"A ID - Investiga\u00e7\u00e3o em Dermatologia conta com uma estrutura moderna e um ambiente plenamente preparado para realiza\u00e7\u00e3o de seus servi\u00e7os.","breadcrumb":{"@id":"https:\/\/investigacaoemdermatologia.com.br\/?page_id=21#breadcrumb"},"inLanguage":"pt-BR","potentialAction":[{"@type":"ReadAction","target":["https:\/\/investigacaoemdermatologia.com.br\/?page_id=21"]}]},{"@type":"BreadcrumbList","@id":"https:\/\/investigacaoemdermatologia.com.br\/?page_id=21#breadcrumb","itemListElement":[{"@type":"ListItem","position":1,"name":"In\u00edcio","item":"https:\/\/investigacaoemdermatologia.com.br\/"},{"@type":"ListItem","position":2,"name":"Instala\u00e7\u00f5es"}]},{"@type":"WebSite","@id":"https:\/\/investigacaoemdermatologia.com.br\/#website","url":"https:\/\/investigacaoemdermatologia.com.br\/","name":"Investiga\u00e7\u00e3o em Dermatologia","description":"","potentialAction":[{"@type":"SearchAction","target":{"@type":"EntryPoint","urlTemplate":"https:\/\/investigacaoemdermatologia.com.br\/?s={search_term_string}"},"query-input":{"@type":"PropertyValueSpecification","valueRequired":true,"valueName":"search_term_string"}}],"inLanguage":"pt-BR"}]}},"_links":{"self":[{"href":"https:\/\/investigacaoemdermatologia.com.br\/index.php?rest_route=\/wp\/v2\/pages\/21","targetHints":{"allow":["GET"]}}],"collection":[{"href":"https:\/\/investigacaoemdermatologia.com.br\/index.php?rest_route=\/wp\/v2\/pages"}],"about":[{"href":"https:\/\/investigacaoemdermatologia.com.br\/index.php?rest_route=\/wp\/v2\/types\/page"}],"author":[{"embeddable":true,"href":"https:\/\/investigacaoemdermatologia.com.br\/index.php?rest_route=\/wp\/v2\/users\/5"}],"replies":[{"embeddable":true,"href":"https:\/\/investigacaoemdermatologia.com.br\/index.php?rest_route=%2Fwp%2Fv2%2Fcomments&post=21"}],"version-history":[{"count":28,"href":"https:\/\/investigacaoemdermatologia.com.br\/index.php?rest_route=\/wp\/v2\/pages\/21\/revisions"}],"predecessor-version":[{"id":955,"href":"https:\/\/investigacaoemdermatologia.com.br\/index.php?rest_route=\/wp\/v2\/pages\/21\/revisions\/955"}],"wp:attachment":[{"href":"https:\/\/investigacaoemdermatologia.com.br\/index.php?rest_route=%2Fwp%2Fv2%2Fmedia&parent=21"}],"curies":[{"name":"wp","href":"https:\/\/api.w.org\/{rel}","templated":true}]}}